he highest common factor of h and 32?
8
Let s(u) = -53*u - 48. Let k be s(-6). What is the greatest common factor of k and 75?
15
Let g(a) = 3*a**2 + 7*a - 61. Let h be g(-23). What is the highest common factor of 13 and h?
13
Let y be 99/(-495) - (-1441)/5. What is the greatest common divisor of 90 and y?
18
Let z = 158 - 28. Suppose -10*n + z = -350. Calculate the greatest common divisor of 72 and n.
24
Let p be 2/(-4) + 3/6. Suppose 0 = 3*m - 5*v + 80, p*v = 2*v - 8. Let r be (45 + 0)*(-8)/m. What is the greatest common factor of 18 and r?
18
Let b = 926 + -772. What is the highest common factor of b and 66?
22
Suppose -2*v = -6 - 4. Let n = 20 + v. Calculate the greatest common factor of 150 and n.
25
Suppose 135*m + 1344 = 138*m. Calculate the greatest common divisor of 8 and m.
8
Suppose 5*g - 14 = -9. Let a be (-1 - (-5 + 3 + -2)) + g. Calculate the highest common factor of 36 and a.
4
Let g(c) = -c + 3*c - 2*c + c + 7. Let a be g(-4). Suppose a*s - 647 = -23. What is the greatest common divisor of s and 26?
26
Let l be -11 + 3 - 1/1. Let r = -6 - l. Suppose -3*a - y = -335, 0 = -2*a - 4*y + r*y + 225. Calculate the highest common factor of 10 and a.
10
Let m = 64 + -14. Let p(s) = s**2 - 3*s - 9. Let y(k) = k + 1. Let z(q) = p(q) + 2*y(q). Let v be z(-11). What is the highest common divisor of m and v?
25
Let w(a) = a**2 - 8*a + 28. Let r(y) = 2*y**3 + 11*y**2 - 5*y + 11. Let b be r(-6). Let z be w(b). Calculate the highest common divisor of z and 52.
13
Suppose 4*c = -0*f - f, 2*c = -5*f + 54. Calculate the highest common factor of f and 3.
3
Let i be (34/4)/(4/72). Suppose i = 4*u - 5*v, 4 = -4*v - 16. Let h be (u/(-1))/(4 - 6). What is the greatest common factor of h and 176?
16
Let m = 20 - 4. Let a = 9 - m. Let n be (-15)/(-15) - (0 + a). What is the highest common factor of n and 16?
8
Let m(h) = 25*h**3 + h**2 + h + 1. Let b be m(-1). Let d be b/(-14) - 28/(-98). Calculate the greatest common divisor of 5 and d.
1
Let x be (-20)/3*(-3)/2. Suppose -x*z + 12*z - 10 = 0. Calculate the greatest common divisor of z and 25.
5
Suppose 109 = 3*m + 22. Suppose 4*d - m = 91. Suppose 7*p - 3*p + d = a, -2*a + 4*p = -48. What is the highest common divisor of a and 2?
2
Suppose -12*v = -5 - 91. Calculate the highest common divisor of 24 and v.
8
Let p(u) = 15*u**2 - 9*u - 24. Let z be p(4). What is the highest common divisor of z and 72?
36
Suppose b = -5*w + 118, 3*w - 8*b = -4*b + 80. Let k = -49 + 49. Suppose k = 4*m - 96 - w. Calculate the highest common factor of 240 and m.
30
Let u be ((-20)/12)/(1/(-39)). Calculate the greatest common factor of 5 and u.
5
Let m be (-3)/10*-5*116. Calculate the greatest common factor of 58 and m.
58
Suppose 42*j = 56*j - 756. What is the greatest common divisor of 6 and j?
6
Let v(t) = 2*t**2 + 3*t + 3. Let d be v(-2). Suppose -b + d*b + 52 = 0. Let y = 15 + b. What is the greatest common factor of y and 14?
2
Let v(z) = -2*z**3 - 8*z**2 - 3*z + 1. Suppose -11*t + 14*t = -15. Let l be v(t). What is the highest common factor of l and 6?
6
Let d = 1433 + -767. What is the greatest common divisor of 36 and d?
18
Let w be 1 - ((-4 - -2) + -91). Let r = w + -60. Calculate the highest common divisor of 68 and r.
34
Suppose 2*x = -6, 2*g - 3*x + 2*x - 19 = 0. What is the greatest common factor of 88 and g?
8
Suppose 6*h + 305 = 1859. Suppose 2*x - 40 - 34 = 0. What is the greatest common divisor of h and x?
37
Suppose 15 = j + 5*i - 4*i, -4*i - 36 = -4*j. Suppose 4*k - 5*o - 38 = -850, -3*k = o + 628. Let d = -76 - k. Calculate the greatest common divisor of j and d.
12
Let f be -7 + -345*(-5)/15. Let q = -4 - -16. Calculate the highest common divisor of q and f.
12
Let m = -26 + 36. Let q = 44 + m. What is the greatest common divisor of q and 18?
18
Suppose 2*a + 2*a = 24. Suppose 14 = 4*r - 2*d, a = 3*r + d - 17. Let q(g) = g + 42. Let j be q(0). What is the greatest common divisor of j and r?
6
Suppose 9*s = -13*s + 132. What is the highest common factor of 162 and s?
6
Suppose 0 = 9*z - 5*z - 212. Calculate the greatest common divisor of z and 159.
53
Suppose -2*j = 2*j, 15 = 3*s + 2*j. Suppose -12 = -s*l + 2*l. Suppose 80 = l*n - 40. Calculate the greatest common divisor of 10 and n.
10
Suppose -29*w = -0*w - 348. What is the highest common divisor of w and 564?
12
Let c = 104 + -27. Let y be -2 + -1 + c/7. Calculate the highest common factor of y and 72.
8
Suppose 9*d = -46 + 280. Calculate the highest common divisor of 39 and d.
13
Suppose -15 - 5 = -r. Let p = 1 + 39. Calculate the highest common divisor of r and p.
20
Suppose 7326 = 58*b + 8*b. What is the highest common factor of 3 and b?
3
Suppose -52*b = -49*b + 2*k - 76, -2*b + 4*k + 72 = 0. Calculate the greatest common divisor of 658 and b.
14
Let a be 1*(-444)/9*12243/(-308). Calculate the greatest common factor of a and 106.
53
Suppose -3*l + 2*q = 529, 4*q = 3*l + 260 + 273. Let t = l - -279. Calculate the highest common factor of 26 and t.
26
Suppose -3*q - 8*h + 6803 = -3*h, 4*q = -2*h + 9052. Calculate the highest common divisor of 19 and q.
19
Let n(u) = u - 8. Suppose 6*p = p. Let v be n(p). Let w = 4 - v. What is the greatest common factor of w and 60?
12
Suppose -4*o + 16 = 0, -253*h = -251*h + 3*o - 7112. Calculate the highest common divisor of 50 and h.
50
Suppose 16*x - 341 = -69. Let t be 234/14 + (-4)/(-14). What is the highest common divisor of t and x?
17
Let h(g) = -g**2 - 6*g + 12. Let t be h(-5). Let k be (-10)/((-69)/21 + 3). Let b = k - t. Calculate the highest common factor of 18 and b.
18
Suppose 4*p = -0*p. Let w be (-36 - p/4)/(-2). Let d be 1/6 - (-753)/w. What is the highest common divisor of 14 and d?
14
Let h be 174/3 - (2 - 0) - 0. Calculate the greatest common factor of 8 and h.
8
Let c be (-13 - 1)*(-432)/378. Let d(s) = 64*s. Let n be d(1). Calculate the highest common divisor of n and c.
16
Let t(p) = -p**3 + 39*p**2 + 42*p + 151. Let z be t(40). What is the greatest common factor of z and 63?
21
Let q = -1 + 10. Let g be 2925/54 + (-1)/6. Let n be -1*(-4)/(-12)*g/(-2). What is the greatest common divisor of q and n?
9
Let o = 205 + -151. What is the greatest common factor of 54 and o?
54
Suppose 145 = 6*d - d. Suppose -d = -2*h + 5*k, 4*h - 34 + 3 = k. Calculate the greatest common divisor of h and 7.
7
Suppose 38 = 2*t + 2*g, 5*t - 4*g - 84 = 11. Calculate the highest common divisor of 323 and t.
19
Let s be (1495/(-46))/((-1)/2). Let r = -21 + s. Calculate the greatest common divisor of 11 and r.
11
Let y(g) = g - 16. Let v(m) = 3*m - 47. Let x(b) = -6*v(b) + 17*y(b). Let s be x(8). Let a = 16 + s. Calculate the greatest common divisor of a and 198.
18
Suppose 4*g + 3*z = 4*z + 192, 0 = -5*z. Suppose -5*l + 4*d + 391 = -77, l + 5*d = 111. What is the greatest common factor of l and g?
48
Let p(u) = -u**2 - 2*u - 1. Let f be p(-1). Let s = -8 + 13. Suppose f*q = -s*q + 25. Calculate the greatest common factor of q and 5.
5
Suppose -110 = -13*y + 8*y - 4*k, -66 = -3*y + 2*k. Calculate the highest common factor of 33 and y.
11
Let l = 4 + 0. Let y(a) = -a**2 + 2*a + 6. Let n be y(0). Let p be 4/n + (-440)/(-60). Calculate the highest common factor of l and p.
4
Let h be 9 + (-1 - (2 + 0)). Suppose h*u = 10*u + 4. Let v be u - 112/(-12)*3. Calculate the greatest common factor of v and 9.
9
Let g = 1203 + -1169. Calculate the highest common divisor of g and 10.
2
Suppose 5*o + 0*o - 3735 = 0. Calculate the greatest common factor of 9 and o.
9
Let c(j) = 2*j**3 - 2*j**2 + j + 2. Let i be c(2). What is the greatest common divisor of 24 and i?
12
Suppose 0 = -k - g - 1, 3*k = -g + 4 - 3. Suppose n + 18 = -n. Let r be -1*(n + 4/12*0). Calculate the greatest common divisor of r and k.
1
Let z(f) = 5*f + 17. Let r be z(4). Suppose 0 = 4*w - r - 251. Let g(o) = o**2 + 2*o + 1. Let q be g(-4). Calculate the highest common factor of w and q.
9
Let y be (-1)/2*650/13. Let n be 540/y*20/(-6). Calculate the highest common factor of 24 and n.
24
Suppose 0 = 9*y - 7*y + 3*r - 197, 5*r = 4*y - 405. What is the highest common divisor of y and 240?
20
Suppose 3*w = -2*w + 90. Suppose -w - 199 = -b. Suppose -5*l = 4*f - b, 199 = 4*l - 2*f + 15. What is the greatest common factor of l and 9?
9
Let f(o) = -o**2 + 49*o - 108. L